(-10) + 1023/5. Let f be 2748/(-3206)*(-1)/(3/287). What is the greatest common factor of x and f?
41
Suppose -107*w - 363792 = -315*w. What is the highest common factor of w and 132?
33
Let p be (6/10)/(9/180). Suppose p*y - 392 = -2*y. Calculate the highest common divisor of 4 and y.
4
Let k be (9/(-5))/((-8)/(-200)*-5). Let p(i) = 2*i**2 - 16*i + 6. Let n be p(k). Let s be (-4)/(-4) - (0 + -59). What is the greatest common divisor of s and n?
12
Suppose f - 21*q - 868 = -23*q, -4*f + q = -3409. Calculate the greatest common factor of f and 244.
122
Let h = 7704 + -4503. What is the highest common factor of h and 33?
33
Let r be ((-6)/(-9))/((-12)/(-2196)). Let m be r - 16/(-12)*9/2. Calculate the highest common divisor of 40 and m.
8
Let k be (-1 - -2)*2 + 219. Calculate the highest common divisor of k and 13.
13
Suppose -60317 = 307*j - 232*j - 157817. Calculate the highest common factor of j and 32.
4
Let h be 2/(1 + 1) - 10. Suppose 0 = -i - 1, o + 2*i = 3*o - 76. Let m be (12/3 - o)/(h/6). Calculate the greatest common factor of m and 33.
11
Let j = -1484 + 1921. What is the greatest common divisor of j and 253?
23
Let y(k) = k**2 + 132*k - 4051. Let i be y(27). Calculate the highest common factor of i and 418.
22
Let w(g) = -g**3 - 13*g**2 + 12*g - 6. Let n be w(-14). Suppose 14*v - n*v + 456 = 0. Calculate the highest common divisor of v and 38.
19
Suppose -2*g + 4*i = 3 - 25, 26 = 4*g - 2*i. Suppose 0 = o + 4*o + n - 1516, 932 = 3*o - g*n. Calculate the highest common factor of 16 and o.
16
Suppose 169*r - 79*r - 416 = 77*r. What is the highest common factor of r and 128?
32
Suppose -28565 = 28*y - 33885. What is the greatest common divisor of 874 and y?
38
Let q be (-30)/8*(18 - 1644/6). Calculate the greatest common divisor of q and 195.
15
Suppose 3*k + 3*n - 26 = n, -4*k - 3*n = -36. Let j be 25 + k/(2/1). Let x = -18 + 32. What is the highest common factor of j and x?
14
Let v = -295 + 64. Let y = v + 438. Suppose 24*z - 23*z - y = 0. What is the greatest common divisor of 23 and z?
23
Suppose 0 = 7*h - 65 + 9. Calculate the highest common divisor of 376 and h.
8
Let q = 17 - 12. Suppose q*i - 4581 = 144. Suppose i = 6*w + w. Calculate the highest common divisor of w and 27.
27
Suppose -46*y + 47*y + 5*z - 55 = 0, -3*z = -5*y + 247. Let a(k) = -2*k**3 - 3*k**2. Let j be a(-4). Calculate the greatest common divisor of j and y.
10
Let h(c) = -3*c**2 - 2*c + 35. Let o be h(-5). Let t be (-20)/(-150) - (-1)/(o/(-86)). Calculate the greatest common factor of t and 57.
3
Let k = -2331 + 2527. Calculate the greatest common divisor of 63 and k.
7
Let m(w) = 2*w**3 + 28*w**2 - 28*w + 74. Let t be m(-15). Calculate the greatest common divisor of 77 and t.
11
Let f(z) = 53*z**2 + z - 1. Let v be f(1). Let l = v - 48. Suppose -5*j = -4*j - l. What is the greatest common factor of j and 45?
5
Suppose 59*x - 32893 + 8621 - 33253 = 0. Calculate the highest common factor of 234 and x.
39
Suppose 0 = -11*b - 0 + 2090. Calculate the greatest common factor of b and 532.
38
Suppose -18 = 3*s, -r + 176*s = 172*s - 119. What is the greatest common factor of r and 4655?
95
Suppose 178*u + 266208 = 296*u. What is the highest common divisor of 1175 and u?
47
Suppose -69*v - 8422 + 48382 = -15*v. What is the greatest common divisor of 100 and v?
20
Let q = 1080 + -962. Calculate the greatest common divisor of 1829 and q.
59
Suppose -2*l + 4*b + 60 = -224, -276 = -2*l + 3*b. What is the greatest common factor of 7707 and l?
21
Let k be (-3)/(-4)*(-720)/(-135). Let q(z) = z**3 + 7*z**2 + 4*z. Let w be q(-4). Calculate the highest common factor of w and k.
4
Let p = 81 - 85. Let k be 16*(p + (-54)/(-15))*-5. What is the greatest common divisor of k and 4?
4
Suppose 0*u - 13 = u. Let f = 29 + u. Let c be (10 - 16) + -18*(-6)/2. Calculate the greatest common factor of c and f.
16
Suppose -178 = -15*r - 58. Let l be 6*(-2)/r*-38. What is the greatest common factor of l and 18?
3
Suppose -5*f = 216 - 1096. Let s = -16 - -324. Calculate the greatest common divisor of s and f.
44
Let l(z) = -1679*z - 1631. Let b be l(-1). Let i(y) = y + 8. Let w be i(-8). Suppose p - 3 = -w. What is the greatest common divisor of b and p?
3
Suppose -19*g + 17*g = -2*o - 72, -72 = -2*g + 5*o. Suppose 0 = -4*x + j + 35, -4*x + 0*j + 33 = -3*j. Calculate the highest common factor of x and g.
9
Suppose 55*k = 108*k - 13038. What is the greatest common factor of k and 16851?
123
Let u(z) = 4*z - 2. Let h be u(5). Suppose 0 = c + 3*o + 325, 636 = -2*c - 2*o + 3*o. Let m = c + 409. Calculate the highest common factor of h and m.
18
Let f be 407/6 + (3 + 3 - (-175)/(-30)). Calculate the highest common divisor of 238 and f.
34
Let q be 1 - -111*(-2 - -3). Suppose 27*w - 1009 + 2710 = 0. Let n = -49 - w. What is the highest common divisor of n and q?
14
Let w be (-891 - -904) + ((-1)/(-1) - -441). Suppose 3*j - 34 = 71. Calculate the greatest common factor of w and j.
35
Suppose -630*s + 18 = -621*s. Suppose -126 = -m + i, -s*i + 500 = 4*m - 4*i. Calculate the greatest common divisor of m and 31.
31
Let f be (-4 + 498/18)/(100/600). Let g be (-71)/(-2*1/2). What is the highest common divisor of g and f?
71
Let o = 16 + -73. Let r = 58 + o. Suppose 0 = y + 2*j - 7, -4*y - y - r = -2*j. What is the greatest common factor of y and 7?
1
Let w(l) be the third derivative of -l**4/2 + 5*l**3 + 55*l**2. Let h be w(1). What is the greatest common divisor of 27 and h?
9
Let n be 73356/40 + 6/9*42/280. What is the highest common divisor of 28 and n?
14
Let u be (-52)/(-10)*1*5. Suppose -4*f + 1088 = -3*m, -169 = m - 5*f + 190. Let c be ((-105)/14)/(21/m). Calculate the greatest common factor of c and u.
26
Let g be (20/16)/((-1)/(-4)) + 237. What is the highest common divisor of 847 and g?
121
Let d(f) = f + 54. Let t be d(-36). What is the highest common divisor of 152 and t?
2
Let v = -55 + 52. Let o be 3*4/v + 21. What is the greatest common factor of o and 136?
17
Suppose 0 = r + 3*t + 31 - 10, 62 = -2*r - 2*t. Let z(u) = -u**3 - 37*u**2 - 39*u - 71. Let d be z(r). What is the greatest common divisor of 851 and d?
37
Let k(h) = 261*h - 346. Let p be k(2). Calculate the greatest common factor of p and 256.
16
Let v(l) be the third derivative of -35*l**4/24 + 12*l**3 - 90*l**2. Let u be v(-8). Calculate the highest common divisor of u and 11.
11
Suppose -277*m + 379 + 1964 = 127. What is the greatest common factor of 3176 and m?
8
Let j(m) = 11*m**2 - 7*m + 8. Let u be j(-6). Suppose -125 = -141*c + 116*c. Suppose u = c*d - 324. Calculate the greatest common divisor of 22 and d.
22
Let y(f) = -8*f**3 - 23*f**2 - 589*f - 4. Let h be y(-14). Calculate the highest common divisor of h and 18.
18
Let t = -274 + 673. Calculate the highest common divisor of t and 42.
21
Let t = 134 + -68. Let d = -66 + t. Suppose 7 - 2 = 5*y, -3*w + 5*y + 76 = d. Calculate the greatest common factor of w and 9.
9
Let u(f) = -f**2 + 7*f - 7. Let s be u(5). Suppose -94*m + 312 = -86*m. Calculate the greatest common divisor of m and s.
3
Let m be ((-40)/3)/(105/(-1512)*4). Let c be ((-8)/6)/((-8)/36). What is the greatest common factor of m and c?
6
Let v be ((-52)/(-39))/((-4)/84). Let w be ((-16)/10)/(v/1750). Calculate the greatest common factor of 25 and w.
25
Let i(n) = -n**3 - 3*n**2 - 2*n. Suppose -y + 3*u = 9, 1 = y + 3*u - 2. Let p be i(y). Suppose p*q = 11*q - 345. What is the highest common factor of 46 and q?
23
Suppose n - 13860 = -8*n. Calculate the highest common divisor of n and 105.
35
Suppose 4*h - w - 55 = -52, 5*h + 3*w - 8 = 0. Calculate the greatest common factor of 367 and h.
1
Suppose -30*r + 3276 = -9*r. Suppose 0*j + 4*j = 3*f - 160, -175 = -3*f + j. What is the greatest common factor of r and f?
12
Let u be ((-480333)/(-356))/((-6)/(-56)). Calculate the greatest common factor of u and 257.
257
Let x(o) = 8*o - 4. Let t be x(5). Suppose -190 - 1091 = 7*g. Let k be (4 - (-44)/(-8)) + g/(-2). What is the highest common divisor of t and k?
18
Let r(f) = 23*f - 2. Let h be r(6). Suppose -5*u - 404 = -3*b, -b - 628 = -6*b - 3*u. Suppose b = z - h. Calculate the greatest common divisor of z and 24.
24
Let a be 4 - -103 - (-7 - -2)*1. Let c(g) = 5*g - 11. Let w be c(5). Calculate the highest common fa